{"id":9477,"date":"2018-05-30T21:13:28","date_gmt":"2018-05-30T19:13:28","guid":{"rendered":"https:\/\/kontesadora.hr\/?page_id=9477"},"modified":"2021-09-20T11:41:29","modified_gmt":"2021-09-20T09:41:29","slug":"zastita-osobnih-podataka","status":"publish","type":"page","link":"https:\/\/kontesadora.hr\/stara\/zastita-osobnih-podataka","title":{"rendered":"Za\u0161tita osobnih podataka"},"content":{"rendered":"<p><strong>Osnovna glazbena \u0161kola <\/strong><\/p>\n<p><strong>&nbsp;&nbsp;&nbsp;&nbsp;&nbsp;&nbsp; Kontesa Dora<\/strong><\/p>\n<p><strong>Dore Peja\u010devi\u0107 2, Na\u0161ice<\/strong><\/p>\n<p>&nbsp;<\/p>\n<p>Tel: &nbsp;&nbsp; 031\/613-574<\/p>\n<p>&nbsp;<\/p>\n<p>&nbsp;<\/p>\n<p><strong>Obavijest \u2013 za\u0161tita osobnih podataka<\/strong><\/p>\n<p>&nbsp;<\/p>\n<p>Dana 25. svibnja 2018.g. na je snagu stupila nova Op\u0107a uredba o za\u0161titi podataka (GDPR),&nbsp; povodom koje se o\u010dekuju zna\u010dajne promjene u podru\u010dju propisa o za\u0161titi osobnih podataka.<\/p>\n<p>Osnovna glazbena \u0161kola Kontesa Dora \u0107e koristiti i obra\u0111ivati osobne podatke va\u0161e djece sukladno navedenoj Op\u0107oj uredbi, te \u0107e objavljivati osobne podatke (fotografije, ime i prezime, razredni odjel i temeljni predmet koji dijete poha\u0111a) samo onim u\u010denicima \u010diji su roditelji dali pisanu privolu (suglasnost) za objavu.<\/p>\n<p>&nbsp;<\/p>\n<p>Ostale podatke koje od Vas prikupljamo i obra\u0111ujemo isklju\u010divo su uskla\u0111eni s postoje\u0107im Zakonima i propisima kojima je definirana i svrha njihova prikupljanja i obrade, te se ne\u0107e koristit ni u koje druge svrhe.<\/p>\n<p>&nbsp;<\/p>\n<p>Obavje\u0161tavamo Vas se posjetom web stranici <a href=\"http:\/\/www.kontesadora.hr\">www.kontesadora.hr<\/a> Va\u0161i osobni podaci ne prikupljaju, no \u010dlanci na web-stranici OG\u0160 Kontesa Dora mogu imati ugra\u0111eni sadr\u017eaj drugih web stranica (npr. video, slike, \u010dlanke\u2026) koji se pona\u0161a istovjetno kao da je posjetitelj posjetio tu drugu web-stranicu.<\/p>\n<p>&nbsp;<\/p>\n<p>Cjelokupni tekst Op\u0107e uredbe o za\u0161titi podataka pro\u010ditajte na sljede\u0107em linku:&nbsp;<\/p>\n<p>&nbsp;<\/p>\n<p><a href=\"https:\/\/eur-lex.europa.eu\/legal-content\/HR\/TXT\/?uri=celex%3A32016R0679\">https:\/\/eur-lex.europa.eu\/legal-content\/HR\/TXT\/?uri=celex%3A32016R0679<\/a><\/p>\n<p>Slu\u017ebenik za za\u0161titu osobnih podataka: Martina Sto\u0161i\u0107, dipl.iur.<\/p>\n<p>Kontakt slu\u017ebenika za za\u0161titu osobnih podataka:&nbsp; <a href=\"mailto:martina.stosic@skole.hr\">martina.stosic@skole.hr<\/a>&nbsp;<\/p>\n","protected":false},"excerpt":{"rendered":"<p>Osnovna glazbena \u0161kola &nbsp;&nbsp;&nbsp;&nbsp;&nbsp;&nbsp; Kontesa Dora Dore Peja\u010devi\u0107 2, Na\u0161ice &nbsp; Tel: &nbsp;&nbsp; 031\/613-574 &nbsp; &nbsp; Obavijest \u2013 za\u0161tita osobnih podataka &nbsp; Dana 25. svibnja 2018.g. na je snagu stupila nova Op\u0107a uredba o za\u0161titi podataka (GDPR),&nbsp; povodom koje se o\u010dekuju zna\u010dajne promjene u podru\u010dju propisa o za\u0161titi osobnih podataka. Osnovna glazbena \u0161kola Kontesa Dora \u0107e koristiti i obra\u0111ivati osobne [&hellip;]<\/p>\n","protected":false},"author":254,"featured_media":0,"parent":0,"menu_order":0,"comment_status":"closed","ping_status":"closed","template":"","meta":{"ngg_post_thumbnail":0},"_links":{"self":[{"href":"https:\/\/kontesadora.hr\/stara\/wp-json\/wp\/v2\/pages\/9477"}],"collection":[{"href":"https:\/\/kontesadora.hr\/stara\/wp-json\/wp\/v2\/pages"}],"about":[{"href":"https:\/\/kontesadora.hr\/stara\/wp-json\/wp\/v2\/types\/page"}],"author":[{"embeddable":true,"href":"https:\/\/kontesadora.hr\/stara\/wp-json\/wp\/v2\/users\/254"}],"replies":[{"embeddable":true,"href":"https:\/\/kontesadora.hr\/stara\/wp-json\/wp\/v2\/comments?post=9477"}],"version-history":[{"count":2,"href":"https:\/\/kontesadora.hr\/stara\/wp-json\/wp\/v2\/pages\/9477\/revisions"}],"predecessor-version":[{"id":12800,"href":"https:\/\/kontesadora.hr\/stara\/wp-json\/wp\/v2\/pages\/9477\/revisions\/12800"}],"wp:attachment":[{"href":"https:\/\/kontesadora.hr\/stara\/wp-json\/wp\/v2\/media?parent=9477"}],"curies":[{"name":"wp","href":"https:\/\/api.w.org\/{rel}","templated":true}]}}

Zaštita osobnih podataka

<p><strong>Osnovna glazbena škola </strong></p>
<p><strong>&nbsp;&nbsp;&nbsp;&nbsp;&nbsp;&nbsp; Kontesa Dora</strong></p>
<p><strong>Dore Pejačević 2, Našice</strong></p>
<p>&nbsp;</p>
<p>Tel: &nbsp;&nbsp; 031/613-574</p>
<p>&nbsp;</p>
<p>&nbsp;</p>
<p><strong>Obavijest – zaštita osobnih podataka</strong></p>
<p>&nbsp;</p>
<p>Dana 25. svibnja 2018.g. na je snagu stupila nova Opća uredba o zaštiti podataka (GDPR),&nbsp; povodom koje se očekuju značajne promjene u području propisa o zaštiti osobnih podataka.</p>
<p>Osnovna glazbena škola Kontesa Dora će koristiti i obrađivati osobne podatke vaše djece sukladno navedenoj Općoj uredbi, te će objavljivati osobne podatke (fotografije, ime i prezime, razredni odjel i temeljni predmet koji dijete pohađa) samo onim učenicima čiji su roditelji dali pisanu privolu (suglasnost) za objavu.</p>
<p>&nbsp;</p>
<p>Ostale podatke koje od Vas prikupljamo i obrađujemo isključivo su usklađeni s postojećim Zakonima i propisima kojima je definirana i svrha njihova prikupljanja i obrade, te se neće koristit ni u koje druge svrhe.</p>
<p>&nbsp;</p>
<p>Obavještavamo Vas se posjetom web stranici <a href="http://www.kontesadora.hr">www.kontesadora.hr</a> Vaši osobni podaci ne prikupljaju, no članci na web-stranici OGŠ Kontesa Dora mogu imati ugrađeni sadržaj drugih web stranica (npr. video, slike, članke…) koji se ponaša istovjetno kao da je posjetitelj posjetio tu drugu web-stranicu.</p>
<p>&nbsp;</p>
<p>Cjelokupni tekst Opće uredbe o zaštiti podataka pročitajte na sljedećem linku:&nbsp;</p>
<p>&nbsp;</p>
<p><a href="https://eur-lex.europa.eu/legal-content/HR/TXT/?uri=celex%3A32016R0679">https://eur-lex.europa.eu/legal-content/HR/TXT/?uri=celex%3A32016R0679</a></p>
<p>Službenik za zaštitu osobnih podataka: Martina Stošić, dipl.iur.</p>
<p>Kontakt službenika za zaštitu osobnih podataka:&nbsp; <a href="mailto:martina.stosic@skole.hr">martina.stosic@skole.hr</a>&nbsp;</p>

<p>Osnovna glazbena škola &nbsp;&nbsp;&nbsp;&nbsp;&nbsp;&nbsp; Kontesa Dora Dore Pejačević 2, Našice &nbsp; Tel: &nbsp;&nbsp; 031/613-574 &nbsp; &nbsp; Obavijest – zaštita osobnih podataka &nbsp; Dana 25. svibnja 2018.g. na je snagu stupila nova Opća uredba o zaštiti podataka (GDPR),&nbsp; povodom koje se očekuju značajne promjene u području propisa o zaštiti osobnih podataka. Osnovna glazbena škola Kontesa Dora će koristiti i obrađivati osobne [&hellip;]</p>
