{"id":89,"date":"2010-03-05T18:05:04","date_gmt":"2010-03-05T17:05:04","guid":{"rendered":"http:\/\/kontesadora.com\/tamburaski-orkestar"},"modified":"2022-04-29T11:01:03","modified_gmt":"2022-04-29T09:01:03","slug":"tamburaski-orkestar","status":"publish","type":"page","link":"https:\/\/kontesadora.hr\/stara\/odjeli\/tamburaski-orkestar","title":{"rendered":"Tambura\u0161ki orkestar"},"content":{"rendered":"<p style=\"text-align: center;\"><a href=\"https:\/\/kontesadora.hr\/wp-content\/uploads\/2019\/09\/tamburaski_orkestar_mala.jpg\"><img loading=\"lazy\" class=\"aligncenter wp-image-11117 size-full\" src=\"https:\/\/kontesadora.hr\/stara\/wp-content\/uploads\/2019\/09\/tamburaski_orkestar_mala.jpg\" alt=\"\" width=\"300\" height=\"200\"\/><\/a><\/p>\n<p style=\"text-align: center;\">Generacija 2014.<\/p>\n<p>&nbsp;<\/p>\n<p>Travanj 2019.<\/p>\n<p>Zavr\u0161etak 57. dr\u017eavnom natjecanju u\u010denika i studenata glazbe i plesa (travanj 2019.) donio je u Osnovnu glazbenu \u0161kolu jo\u0161 jednu potvrdu izvrsnosti u radu. Na zavr\u0161noj ve\u010deri natjecali su se orkestri iz cijele Hrvatske koji su uspje\u0161no pro\u0161li regionalno natjecanje, a kao jedini tambura\u0161ki orkestar, nastupio je onaj iz OG\u0160 Kontesa Dora Na\u0161ice. Svojim gracioznim nastupom prvi puta pod dirigentskom palicom mladog profesora Deana Koprija orkestar je pobijedio&nbsp; u prvoj kategoriji s 98,26 boda. Profesor Dean Kopri u hrvatskom glazbenim krugovima prepoznatljiv je po svom kreativnom doprinosu pedago\u0161koj teoriji i praksi, a ovo je svakako dodatno priznanje predanom radu.<\/p>\n<p>Odjelu tambure ovo je zna\u010dajno priznanje rada, iako ve\u0107 godinama ni\u017ee nagrade, no ovo je ipak posebna godina u kojoj obilje\u017eava tridesetu godi\u0161njicu svog utemeljenja. Od 1993. godine Tambura\u0161ki orkestar sudjeluje na svim zna\u010dajnim natjecanjima i smotrama tambura\u0161ke glazbe u Hrvatskoj pod vodstvom Daniela i Marine Kopri. Osvojio je vi\u0161e od 35 najvi\u0161ih priznanja na \u017eupanijskim i dr\u017eavnim natjecanjima, a nagra\u0111ene su i \u010detiri praizvedbe u interpretaciji dirigentice Marine Kopri. Dva je puta orkestar sudjelovao na zavr\u0161nom koncertu nagra\u0111enih u okviru Natjecanja u\u010denika i studenata glazbe i plesa u organizaciji HDGPP-a. Tambura\u0161ki orkestar Osnovne glazbene \u0161kole snimio je tri nosa\u010da zvuka na kojima nastupa s poznatim hrvatskim glazbenicima. Uz doma\u0107e, na\u0161i\u010dke izvo\u0111a\u010de, solisti\u010dki su nastupali mnogi ugledni hrvatski glazbenici i glazbeni pedagozi \u2013 Kvartet &#8220;Klima&#8221;, Josip Klima, Zagreba\u010dki solisti, Snje\u017eana i Dragan Rucner, Mario Ivelja, Mladen Sedak, Vesna Jai\u0107, Vera Svoboda, Josip Slam, Katja Markoti\u0107, Danijela Pintari\u0107, An\u0111elko Krpan, Lidija Horvat Dunjko, Bo\u017eena Svalina, Josipa Lisac, Goran Karan, Krunoslav Cigoj, Toni Cetinski, Vanna, Jelena Radan, Meritas, Ivana Plechinger, Neno Belan i drugi. Tambura\u0161ki orkestar sudjelovao je i na tri Europska festivala mlade\u017ei, u \u0160panjolskoj, \u0160vicarskoj i Norve\u0161koj. Na svojim su gostovanjima \u010dlanovi orkestra proputovali cijelu Europu, a&nbsp;posebno im je draga uspomena na audijenciju kod Svetog Oca Ivana Pavla II. u Vatikanu 1998. godine.<\/p>\n<div class='gallery'><dl class='gallery-item'>\n\t\t\t<dt class='gallery-icon portrait'>\n\t\t\t\t<a class=\"view\" rel='gallery' href='https:\/\/kontesadora.hr\/stara\/wp-content\/uploads\/2019\/09\/42.MFUTG-DEAN-KOPRI-s-bisernicom.jpg'><img width=\"150\" height=\"150\" src=\"https:\/\/kontesadora.hr\/stara\/wp-content\/uploads\/2019\/09\/42.MFUTG-DEAN-KOPRI-s-bisernicom-150x150.jpg\" class=\"attachment-thumbnail size-thumbnail\" alt=\"\" loading=\"lazy\" title=\"42.MFUTG DEAN KOPRI s bisernicom\" \/><\/a>\n\t\t\t<\/dt><\/dl><dl class='gallery-item'>\n\t\t\t<dt class='gallery-icon landscape'>\n\t\t\t\t<a class=\"view\" rel='gallery' href='https:\/\/kontesadora.hr\/stara\/wp-content\/uploads\/2019\/09\/42.NMFUTG-TO-i-violinisti-Petra-Su\u010di\u0107-i-Tin-Reba.jpg'><img width=\"150\" height=\"150\" src=\"https:\/\/kontesadora.hr\/stara\/wp-content\/uploads\/2019\/09\/42.NMFUTG-TO-i-violinisti-Petra-Su\u010di\u0107-i-Tin-Reba-150x150.jpg\" class=\"attachment-thumbnail size-thumbnail\" alt=\"\" loading=\"lazy\" title=\"dav\" \/><\/a>\n\t\t\t<\/dt><\/dl><dl class='gallery-item'>\n\t\t\t<dt class='gallery-icon landscape'>\n\t\t\t\t<a class=\"view\" rel='gallery' href='https:\/\/kontesadora.hr\/stara\/wp-content\/uploads\/2019\/09\/57.-REG.-ORKESTRI-2019.-Dean-Kopri-dirigent.jpg'><img width=\"150\" height=\"150\" src=\"https:\/\/kontesadora.hr\/stara\/wp-content\/uploads\/2019\/09\/57.-REG.-ORKESTRI-2019.-Dean-Kopri-dirigent-150x150.jpg\" class=\"attachment-thumbnail size-thumbnail\" alt=\"\" loading=\"lazy\" title=\"57. REG. ORKESTRI 2019. Dean Kopri dirigent\" \/><\/a>\n\t\t\t<\/dt><\/dl><br style=\"clear: both\" \/><dl class='gallery-item'>\n\t\t\t<dt class='gallery-icon landscape'>\n\t\t\t\t<a class=\"view\" rel='gallery' href='https:\/\/kontesadora.hr\/stara\/wp-content\/uploads\/2019\/09\/ANTUNOVSKI-KONCERT-2014..jpg'><img width=\"150\" height=\"150\" src=\"https:\/\/kontesadora.hr\/stara\/wp-content\/uploads\/2019\/09\/ANTUNOVSKI-KONCERT-2014.-150x150.jpg\" class=\"attachment-thumbnail size-thumbnail\" alt=\"\" loading=\"lazy\" title=\"ANTUNOVSKI KONCERT 2014.\" \/><\/a>\n\t\t\t<\/dt><\/dl><dl class='gallery-item'>\n\t\t\t<dt class='gallery-icon landscape'>\n\t\t\t\t<a class=\"view\" rel='gallery' href='https:\/\/kontesadora.hr\/stara\/wp-content\/uploads\/2019\/09\/DSC_0850.jpg'><img width=\"150\" height=\"150\" src=\"https:\/\/kontesadora.hr\/stara\/wp-content\/uploads\/2019\/09\/DSC_0850-150x150.jpg\" class=\"attachment-thumbnail size-thumbnail\" alt=\"\" loading=\"lazy\" title=\"DSC_0850\" \/><\/a>\n\t\t\t<\/dt><\/dl><dl class='gallery-item'>\n\t\t\t<dt class='gallery-icon landscape'>\n\t\t\t\t<a class=\"view\" rel='gallery' href='https:\/\/kontesadora.hr\/stara\/wp-content\/uploads\/2019\/09\/DSC_0988.jpg'><img width=\"150\" height=\"150\" src=\"https:\/\/kontesadora.hr\/stara\/wp-content\/uploads\/2019\/09\/DSC_0988-150x150.jpg\" class=\"attachment-thumbnail size-thumbnail\" alt=\"\" loading=\"lazy\" title=\"DSC_0988\" \/><\/a>\n\t\t\t<\/dt><\/dl><br style=\"clear: both\" \/><dl class='gallery-item'>\n\t\t\t<dt class='gallery-icon landscape'>\n\t\t\t\t<a class=\"view\" rel='gallery' href='https:\/\/kontesadora.hr\/stara\/wp-content\/uploads\/2019\/09\/lipanj-2014.ANTUNOVSKI-KONCERT-TO.jpg'><img width=\"150\" height=\"150\" src=\"https:\/\/kontesadora.hr\/stara\/wp-content\/uploads\/2019\/09\/lipanj-2014.ANTUNOVSKI-KONCERT-TO-150x150.jpg\" class=\"attachment-thumbnail size-thumbnail\" alt=\"\" loading=\"lazy\" title=\"lipanj 2014.ANTUNOVSKI KONCERT TO\" \/><\/a>\n\t\t\t<\/dt><\/dl><dl class='gallery-item'>\n\t\t\t<dt class='gallery-icon landscape'>\n\t\t\t\t<a class=\"view\" rel='gallery' href='https:\/\/kontesadora.hr\/stara\/wp-content\/uploads\/2019\/09\/MFUTGtravanj-2014.HNK-Os..jpg'><img width=\"150\" height=\"150\" src=\"https:\/\/kontesadora.hr\/stara\/wp-content\/uploads\/2019\/09\/MFUTGtravanj-2014.HNK-Os.-150x150.jpg\" class=\"attachment-thumbnail size-thumbnail\" alt=\"\" loading=\"lazy\" title=\"MFUTG,travanj 2014.HNK Os.\" \/><\/a>\n\t\t\t<\/dt><\/dl><dl class='gallery-item'>\n\t\t\t<dt class='gallery-icon landscape'>\n\t\t\t\t<a class=\"view\" rel='gallery' href='https:\/\/kontesadora.hr\/stara\/wp-content\/uploads\/2019\/09\/TO-i-dirigent-DEAN-KOPRI-2019..jpg'><img width=\"150\" height=\"150\" src=\"https:\/\/kontesadora.hr\/stara\/wp-content\/uploads\/2019\/09\/TO-i-dirigent-DEAN-KOPRI-2019.-150x150.jpg\" class=\"attachment-thumbnail size-thumbnail\" alt=\"\" loading=\"lazy\" title=\"TO i dirigent DEAN KOPRI 2019.\" \/><\/a>\n\t\t\t<\/dt><\/dl><br style=\"clear: both\" \/><dl class='gallery-item'>\n\t\t\t<dt class='gallery-icon landscape'>\n\t\t\t\t<a class=\"view\" rel='gallery' href='https:\/\/kontesadora.hr\/stara\/wp-content\/uploads\/2019\/09\/BE\u010c-2019.-svi.jpg'><img width=\"150\" height=\"150\" src=\"https:\/\/kontesadora.hr\/stara\/wp-content\/uploads\/2019\/09\/BE\u010c-2019.-svi-150x150.jpg\" class=\"attachment-thumbnail size-thumbnail\" alt=\"\" loading=\"lazy\" title=\"BE\u010c 2019. svi\" \/><\/a>\n\t\t\t<\/dt><\/dl><dl class='gallery-item'>\n\t\t\t<dt class='gallery-icon landscape'>\n\t\t\t\t<a class=\"view\" rel='gallery' href='https:\/\/kontesadora.hr\/stara\/wp-content\/uploads\/2019\/09\/BE\u010c-i-\u0161opron-2019..jpg'><img width=\"150\" height=\"150\" src=\"https:\/\/kontesadora.hr\/stara\/wp-content\/uploads\/2019\/09\/BE\u010c-i-\u0161opron-2019.-150x150.jpg\" class=\"attachment-thumbnail size-thumbnail\" alt=\"\" loading=\"lazy\" title=\"BE\u010c i \u0161opron 2019.\" \/><\/a>\n\t\t\t<\/dt><\/dl><dl class='gallery-item'>\n\t\t\t<dt class='gallery-icon portrait'>\n\t\t\t\t<a class=\"view\" rel='gallery' href='https:\/\/kontesadora.hr\/stara\/wp-content\/uploads\/2019\/09\/BE\u010cKO-VELEP.pred-nastup.jpg'><img width=\"150\" height=\"150\" src=\"https:\/\/kontesadora.hr\/stara\/wp-content\/uploads\/2019\/09\/BE\u010cKO-VELEP.pred-nastup-150x150.jpg\" class=\"attachment-thumbnail size-thumbnail\" alt=\"\" loading=\"lazy\" title=\"BE\u010cKO VELEP.pred nastup\" \/><\/a>\n\t\t\t<\/dt><\/dl><br style=\"clear: both\" \/><dl class='gallery-item'>\n\t\t\t<dt class='gallery-icon landscape'>\n\t\t\t\t<a class=\"view\" rel='gallery' href='https:\/\/kontesadora.hr\/stara\/wp-content\/uploads\/2019\/09\/Be\u010d-koncert-u-\u0160opronu-2019..jpg'><img width=\"150\" height=\"150\" src=\"https:\/\/kontesadora.hr\/stara\/wp-content\/uploads\/2019\/09\/Be\u010d-koncert-u-\u0160opronu-2019.-150x150.jpg\" class=\"attachment-thumbnail size-thumbnail\" alt=\"\" loading=\"lazy\" title=\"Be\u010d-koncert u \u0160opronu 2019.\" \/><\/a>\n\t\t\t<\/dt><\/dl><dl class='gallery-item'>\n\t\t\t<dt class='gallery-icon landscape'>\n\t\t\t\t<a class=\"view\" rel='gallery' href='https:\/\/kontesadora.hr\/stara\/wp-content\/uploads\/2019\/09\/Be\u010d-\u0160OPRON-2019-1.jpg'><img width=\"150\" height=\"150\" src=\"https:\/\/kontesadora.hr\/stara\/wp-content\/uploads\/2019\/09\/Be\u010d-\u0160OPRON-2019-1-150x150.jpg\" class=\"attachment-thumbnail size-thumbnail\" alt=\"\" loading=\"lazy\" title=\"Be\u010d-\u0160OPRON 2019 (1)\" \/><\/a>\n\t\t\t<\/dt><\/dl>\n\t\t\t<br style='clear: both' \/>\n\t\t<\/div>\n\n<p style=\"text-align: center;\">&nbsp;<\/p>\n<p style=\"text-align: left;\">&nbsp;<\/p>\n<p>&nbsp;<\/p>\n","protected":false},"excerpt":{"rendered":"<p>Generacija 2014. &nbsp; Travanj 2019. Zavr\u0161etak 57. dr\u017eavnom natjecanju u\u010denika i studenata glazbe i plesa (travanj 2019.) donio je u Osnovnu glazbenu \u0161kolu jo\u0161 jednu potvrdu izvrsnosti u radu. Na zavr\u0161noj ve\u010deri natjecali su se orkestri iz cijele Hrvatske koji su uspje\u0161no pro\u0161li regionalno natjecanje, a kao jedini tambura\u0161ki orkestar, nastupio je onaj iz OG\u0160 Kontesa Dora Na\u0161ice. Svojim gracioznim [&hellip;]<\/p>\n","protected":false},"author":254,"featured_media":0,"parent":17,"menu_order":7,"comment_status":"closed","ping_status":"open","template":"","meta":{"ngg_post_thumbnail":0},"_links":{"self":[{"href":"https:\/\/kontesadora.hr\/stara\/wp-json\/wp\/v2\/pages\/89"}],"collection":[{"href":"https:\/\/kontesadora.hr\/stara\/wp-json\/wp\/v2\/pages"}],"about":[{"href":"https:\/\/kontesadora.hr\/stara\/wp-json\/wp\/v2\/types\/page"}],"author":[{"embeddable":true,"href":"https:\/\/kontesadora.hr\/stara\/wp-json\/wp\/v2\/users\/254"}],"replies":[{"embeddable":true,"href":"https:\/\/kontesadora.hr\/stara\/wp-json\/wp\/v2\/comments?post=89"}],"version-history":[{"count":17,"href":"https:\/\/kontesadora.hr\/stara\/wp-json\/wp\/v2\/pages\/89\/revisions"}],"predecessor-version":[{"id":13589,"href":"https:\/\/kontesadora.hr\/stara\/wp-json\/wp\/v2\/pages\/89\/revisions\/13589"}],"up":[{"embeddable":true,"href":"https:\/\/kontesadora.hr\/stara\/wp-json\/wp\/v2\/pages\/17"}],"wp:attachment":[{"href":"https:\/\/kontesadora.hr\/stara\/wp-json\/wp\/v2\/media?parent=89"}],"curies":[{"name":"wp","href":"https:\/\/api.w.org\/{rel}","templated":true}]}}