{"id":85,"date":"2010-03-05T18:04:15","date_gmt":"2010-03-05T17:04:15","guid":{"rendered":"http:\/\/kontesadora.com\/?page_id=85"},"modified":"2022-04-29T10:59:38","modified_gmt":"2022-04-29T08:59:38","slug":"puhacki","status":"publish","type":"page","link":"https:\/\/kontesadora.hr\/stara\/odjeli\/puhacki","title":{"rendered":"Puha\u010dki odjel"},"content":{"rendered":"<p><strong>tr<\/strong><strong>uba, flauta, klarinet, eufonij, rog, saksofon<\/strong><\/p>\n<p><img loading=\"lazy\" class=\"alignnone wp-image-65 size-full\" title=\"Ivan Kraja\u010di\u0107\" src=\"https:\/\/kontesadora.hr\/stara\/wp-content\/uploads\/2010\/02\/ivan_krajacic.jpg\" alt=\"\" width=\"113\" height=\"150\"\/><\/p>\n<p>Ivan Kraja\u010di\u0107 \u2013 u\u010ditelj klarineta<\/p>\n<p><img loading=\"lazy\" class=\"alignnone wp-image-73 size-full\" title=\"Teodor Sucala Matei\" src=\"https:\/\/kontesadora.hr\/stara\/wp-content\/uploads\/2010\/02\/teodor_sucala_matei.jpg\" alt=\"\" width=\"113\" height=\"150\"\/><\/p>\n<p>Teodor Sucala Matei \u2013 u\u010ditelj trube<\/p>\n<p>Kristina Tomljanovi\u0107 &#8211; u\u010diteljica flaute<\/p>\n","protected":false},"excerpt":{"rendered":"<p>truba, flauta, klarinet, eufonij, rog, saksofon Ivan Kraja\u010di\u0107 \u2013 u\u010ditelj klarineta Teodor Sucala Matei \u2013 u\u010ditelj trube Kristina Tomljanovi\u0107 &#8211; u\u010diteljica flaute<\/p>\n","protected":false},"author":254,"featured_media":0,"parent":17,"menu_order":4,"comment_status":"closed","ping_status":"open","template":"","meta":{"ngg_post_thumbnail":0},"_links":{"self":[{"href":"https:\/\/kontesadora.hr\/stara\/wp-json\/wp\/v2\/pages\/85"}],"collection":[{"href":"https:\/\/kontesadora.hr\/stara\/wp-json\/wp\/v2\/pages"}],"about":[{"href":"https:\/\/kontesadora.hr\/stara\/wp-json\/wp\/v2\/types\/page"}],"author":[{"embeddable":true,"href":"https:\/\/kontesadora.hr\/stara\/wp-json\/wp\/v2\/users\/254"}],"replies":[{"embeddable":true,"href":"https:\/\/kontesadora.hr\/stara\/wp-json\/wp\/v2\/comments?post=85"}],"version-history":[{"count":9,"href":"https:\/\/kontesadora.hr\/stara\/wp-json\/wp\/v2\/pages\/85\/revisions"}],"predecessor-version":[{"id":13585,"href":"https:\/\/kontesadora.hr\/stara\/wp-json\/wp\/v2\/pages\/85\/revisions\/13585"}],"up":[{"embeddable":true,"href":"https:\/\/kontesadora.hr\/stara\/wp-json\/wp\/v2\/pages\/17"}],"wp:attachment":[{"href":"https:\/\/kontesadora.hr\/stara\/wp-json\/wp\/v2\/media?parent=85"}],"curies":[{"name":"wp","href":"https:\/\/api.w.org\/{rel}","templated":true}]}}

Puhački odjel

<p><strong>tr</strong><strong>uba, flauta, klarinet, eufonij, rog, saksofon</strong></p>
<p><img loading="lazy" class="alignnone wp-image-65 size-full" title="Ivan Krajačić" src="https://kontesadora.hr/stara/wp-content/uploads/2010/02/ivan_krajacic.jpg" alt="" width="113" height="150"/></p>
<p>Ivan Krajačić – učitelj klarineta</p>
<p><img loading="lazy" class="alignnone wp-image-73 size-full" title="Teodor Sucala Matei" src="https://kontesadora.hr/stara/wp-content/uploads/2010/02/teodor_sucala_matei.jpg" alt="" width="113" height="150"/></p>
<p>Teodor Sucala Matei – učitelj trube</p>
<p>Kristina Tomljanović &#8211; učiteljica flaute</p>

<p>truba, flauta, klarinet, eufonij, rog, saksofon Ivan Krajačić – učitelj klarineta Teodor Sucala Matei – učitelj trube Kristina Tomljanović &#8211; učiteljica flaute</p>
