{"id":49,"date":"2010-03-04T18:10:18","date_gmt":"2010-03-04T17:10:18","guid":{"rendered":"http:\/\/kontesadora.com\/?page_id=49"},"modified":"2012-10-31T11:19:29","modified_gmt":"2012-10-31T10:19:29","slug":"pedagoska-sluzba","status":"publish","type":"page","link":"https:\/\/kontesadora.hr\/stara\/odjeli\/pedagoska-sluzba","title":{"rendered":"pedago\u0161ka slu\u017eba"},"content":{"rendered":"<p><img loading=\"lazy\" class=\"alignnone size-full wp-image-69\" title=\"Marina Kopri\" src=\"http:\/\/kontesadora.com\/wp-content\/uploads\/2010\/02\/marina_kopri.jpg\" alt=\"\" width=\"113\" height=\"150\" \/><\/p>\n<p>Marina Kopri \u2013 ravnateljica<\/p>\n<p><img loading=\"lazy\" class=\"alignnone size-full wp-image-1106\" title=\"martina_stosic\" src=\"http:\/\/kontesadora.hr\/wp-content\/uploads\/2010\/03\/martina_stosic.jpg\" alt=\"\" width=\"113\" height=\"150\" \/><\/p>\n<p>Martina Sto\u0161i\u0107 \u2013 tajnica \u0161kole<\/p>\n<p><img loading=\"lazy\" class=\"alignnone size-full wp-image-66\" title=\"Jelena Ggali\u0107\" src=\"http:\/\/kontesadora.com\/wp-content\/uploads\/2010\/02\/jelena_galic.jpg\" alt=\"\" width=\"113\" height=\"150\" \/><\/p>\n<p>Jelena Gali\u0107 \u2013 financijsko-ra\u010dunovodstvena djelatnica<\/p>\n<p><img loading=\"lazy\" class=\"alignnone size-full wp-image-70\" title=\"Nada Bo\u0161njakovi\u0107\" src=\"http:\/\/kontesadora.com\/wp-content\/uploads\/2010\/02\/nada_bosnjakovic.jpg\" alt=\"\" width=\"113\" height=\"150\" \/><\/p>\n<p>Nada Bo\u0161njakovi\u0107 \u2013 sprema\u010dica<\/p>\n<p><strong>BIV\u0160I ZAPOSLENICI<\/strong><\/p>\n<p><img loading=\"lazy\" title=\"Dra\u017een Brki\u0107\" src=\"http:\/\/kontesadora.com\/wp-content\/uploads\/2010\/03\/drazen_brkic.jpg\" alt=\"\" width=\"113\" height=\"150\" \/><\/p>\n<p>Dra\u017een Brki\u0107 \u2013 tajnik \u0161kole do rujna 2012.<\/p>\n","protected":false},"excerpt":{"rendered":"<p>Marina Kopri \u2013 ravnateljica Martina Sto\u0161i\u0107 \u2013 tajnica \u0161kole Jelena Gali\u0107 \u2013 financijsko-ra\u010dunovodstvena djelatnica Nada Bo\u0161njakovi\u0107 \u2013 sprema\u010dica BIV\u0160I ZAPOSLENICI Dra\u017een Brki\u0107 \u2013 tajnik \u0161kole do rujna 2012.<\/p>\n","protected":false},"author":254,"featured_media":0,"parent":17,"menu_order":9,"comment_status":"closed","ping_status":"open","template":"","meta":{"ngg_post_thumbnail":0},"_links":{"self":[{"href":"https:\/\/kontesadora.hr\/stara\/wp-json\/wp\/v2\/pages\/49"}],"collection":[{"href":"https:\/\/kontesadora.hr\/stara\/wp-json\/wp\/v2\/pages"}],"about":[{"href":"https:\/\/kontesadora.hr\/stara\/wp-json\/wp\/v2\/types\/page"}],"author":[{"embeddable":true,"href":"https:\/\/kontesadora.hr\/stara\/wp-json\/wp\/v2\/users\/254"}],"replies":[{"embeddable":true,"href":"https:\/\/kontesadora.hr\/stara\/wp-json\/wp\/v2\/comments?post=49"}],"version-history":[{"count":10,"href":"https:\/\/kontesadora.hr\/stara\/wp-json\/wp\/v2\/pages\/49\/revisions"}],"predecessor-version":[{"id":132,"href":"https:\/\/kontesadora.hr\/stara\/wp-json\/wp\/v2\/pages\/49\/revisions\/132"}],"up":[{"embeddable":true,"href":"https:\/\/kontesadora.hr\/stara\/wp-json\/wp\/v2\/pages\/17"}],"wp:attachment":[{"href":"https:\/\/kontesadora.hr\/stara\/wp-json\/wp\/v2\/media?parent=49"}],"curies":[{"name":"wp","href":"https:\/\/api.w.org\/{rel}","templated":true}]}}

pedagoška služba

<p><img loading="lazy" class="alignnone size-full wp-image-69" title="Marina Kopri" src="http://kontesadora.com/wp-content/uploads/2010/02/marina_kopri.jpg" alt="" width="113" height="150" /></p>
<p>Marina Kopri – ravnateljica</p>
<p><img loading="lazy" class="alignnone size-full wp-image-1106" title="martina_stosic" src="http://kontesadora.hr/wp-content/uploads/2010/03/martina_stosic.jpg" alt="" width="113" height="150" /></p>
<p>Martina Stošić – tajnica škole</p>
<p><img loading="lazy" class="alignnone size-full wp-image-66" title="Jelena Ggalić" src="http://kontesadora.com/wp-content/uploads/2010/02/jelena_galic.jpg" alt="" width="113" height="150" /></p>
<p>Jelena Galić – financijsko-računovodstvena djelatnica</p>
<p><img loading="lazy" class="alignnone size-full wp-image-70" title="Nada Bošnjaković" src="http://kontesadora.com/wp-content/uploads/2010/02/nada_bosnjakovic.jpg" alt="" width="113" height="150" /></p>
<p>Nada Bošnjaković – spremačica</p>
<p><strong>BIVŠI ZAPOSLENICI</strong></p>
<p><img loading="lazy" title="Dražen Brkić" src="http://kontesadora.com/wp-content/uploads/2010/03/drazen_brkic.jpg" alt="" width="113" height="150" /></p>
<p>Dražen Brkić – tajnik škole do rujna 2012.</p>

<p>Marina Kopri – ravnateljica Martina Stošić – tajnica škole Jelena Galić – financijsko-računovodstvena djelatnica Nada Bošnjaković – spremačica BIVŠI ZAPOSLENICI Dražen Brkić – tajnik škole do rujna 2012.</p>
