{"id":1392,"date":"2013-04-17T10:40:30","date_gmt":"2013-04-17T08:40:30","guid":{"rendered":"http:\/\/kontesadora.hr\/galerija\/nase-zajednicke-fotke"},"modified":"2013-04-17T10:40:30","modified_gmt":"2013-04-17T08:40:30","slug":"nase-zajednicke-fotke","status":"publish","type":"page","link":"https:\/\/kontesadora.hr\/stara\/galerija\/nase-zajednicke-fotke","title":{"rendered":"na\u0161e zajedni\u010dke &quot;fotke&quot;"},"content":{"rendered":"<!-- index.php -->\n<div\n\tclass=\"ngg-galleryoverview ngg-ajax-pagination-none\"\n\tid=\"ngg-gallery-2977d8d337c725bfac89a312eb1ff79b-1\">\n\n    \t<div class=\"slideshowlink\">\n        <a href='https:\/\/kontesadora.hr\/stara\/galerija\/nase-zajednicke-fotke\/nggallery\/slideshow'>[Show as slideshow]<\/a>\n\t\t\n\t<\/div>\n\t\t\t<!-- Thumbnails -->\n\t\t\t\t<div id=\"ngg-image-0\" class=\"ngg-gallery-thumbnail-box\" >\n\t\t\t\t        <div class=\"ngg-gallery-thumbnail\">\n            <a href=\"https:\/\/kontesadora.hr\/stara\/wp-content\/gallery\/nase-zajednicke-039fotke039\/DSC_3058.jpg\"\n               title=\"\"\n               data-src=\"https:\/\/kontesadora.hr\/stara\/wp-content\/gallery\/nase-zajednicke-039fotke039\/DSC_3058.jpg\"\n               data-thumbnail=\"https:\/\/kontesadora.hr\/stara\/wp-content\/gallery\/nase-zajednicke-039fotke039\/thumbs\/thumbs_DSC_3058.jpg\"\n               data-image-id=\"3676\"\n               data-title=\"DSC_3058\"\n               data-description=\"\"\n               data-image-slug=\"dsc_3058\"\n               class=\"shutterset_2977d8d337c725bfac89a312eb1ff79b\">\n                <img\n                    title=\"DSC_3058\"\n                    alt=\"DSC_3058\"\n                    src=\"https:\/\/kontesadora.hr\/stara\/wp-content\/gallery\/nase-zajednicke-039fotke039\/thumbs\/thumbs_DSC_3058.jpg\"\n                    width=\"100\"\n                    height=\"75\"\n                    style=\"max-width:100%;\"\n                \/>\n            <\/a>\n        <\/div>\n\t\t\t\t\t\t\t<\/div> \n\t\t\t\n        \n\t\t\t\t<div id=\"ngg-image-1\" class=\"ngg-gallery-thumbnail-box\" >\n\t\t\t\t        <div class=\"ngg-gallery-thumbnail\">\n            <a href=\"https:\/\/kontesadora.hr\/stara\/wp-content\/gallery\/nase-zajednicke-039fotke039\/DSC_3057.jpg\"\n               title=\"\"\n               data-src=\"https:\/\/kontesadora.hr\/stara\/wp-content\/gallery\/nase-zajednicke-039fotke039\/DSC_3057.jpg\"\n               data-thumbnail=\"https:\/\/kontesadora.hr\/stara\/wp-content\/gallery\/nase-zajednicke-039fotke039\/thumbs\/thumbs_DSC_3057.jpg\"\n               data-image-id=\"3675\"\n               data-title=\"DSC_3057\"\n               data-description=\"\"\n               data-image-slug=\"dsc_3057\"\n               class=\"shutterset_2977d8d337c725bfac89a312eb1ff79b\">\n                <img\n                    title=\"DSC_3057\"\n                    alt=\"DSC_3057\"\n                    src=\"https:\/\/kontesadora.hr\/stara\/wp-content\/gallery\/nase-zajednicke-039fotke039\/thumbs\/thumbs_DSC_3057.jpg\"\n                    width=\"100\"\n                    height=\"75\"\n                    style=\"max-width:100%;\"\n                \/>\n            <\/a>\n        <\/div>\n\t\t\t\t\t\t\t<\/div> \n\t\t\t\n        \n\t\t\t\t<div id=\"ngg-image-2\" class=\"ngg-gallery-thumbnail-box\" >\n\t\t\t\t        <div class=\"ngg-gallery-thumbnail\">\n            <a href=\"https:\/\/kontesadora.hr\/stara\/wp-content\/gallery\/nase-zajednicke-039fotke039\/DSC_3052.jpg\"\n               title=\"\"\n               data-src=\"https:\/\/kontesadora.hr\/stara\/wp-content\/gallery\/nase-zajednicke-039fotke039\/DSC_3052.jpg\"\n               data-thumbnail=\"https:\/\/kontesadora.hr\/stara\/wp-content\/gallery\/nase-zajednicke-039fotke039\/thumbs\/thumbs_DSC_3052.jpg\"\n               data-image-id=\"3674\"\n               data-title=\"DSC_3052\"\n               data-description=\"\"\n               data-image-slug=\"dsc_3052\"\n               class=\"shutterset_2977d8d337c725bfac89a312eb1ff79b\">\n                <img\n                    title=\"DSC_3052\"\n                    alt=\"DSC_3052\"\n                    src=\"https:\/\/kontesadora.hr\/stara\/wp-content\/gallery\/nase-zajednicke-039fotke039\/thumbs\/thumbs_DSC_3052.jpg\"\n                    width=\"100\"\n                    height=\"75\"\n                    style=\"max-width:100%;\"\n                \/>\n            <\/a>\n        <\/div>\n\t\t\t\t\t\t\t<\/div> \n\t\t\t\n        \n\t\t\t\t<div id=\"ngg-image-3\" class=\"ngg-gallery-thumbnail-box\" >\n\t\t\t\t        <div class=\"ngg-gallery-thumbnail\">\n            <a href=\"https:\/\/kontesadora.hr\/stara\/wp-content\/gallery\/nase-zajednicke-039fotke039\/DSC_3048.jpg\"\n               title=\"\"\n               data-src=\"https:\/\/kontesadora.hr\/stara\/wp-content\/gallery\/nase-zajednicke-039fotke039\/DSC_3048.jpg\"\n               data-thumbnail=\"https:\/\/kontesadora.hr\/stara\/wp-content\/gallery\/nase-zajednicke-039fotke039\/thumbs\/thumbs_DSC_3048.jpg\"\n               data-image-id=\"3673\"\n               data-title=\"DSC_3048\"\n               data-description=\"\"\n               data-image-slug=\"dsc_3048\"\n               class=\"shutterset_2977d8d337c725bfac89a312eb1ff79b\">\n                <img\n                    title=\"DSC_3048\"\n                    alt=\"DSC_3048\"\n                    src=\"https:\/\/kontesadora.hr\/stara\/wp-content\/gallery\/nase-zajednicke-039fotke039\/thumbs\/thumbs_DSC_3048.jpg\"\n                    width=\"100\"\n                    height=\"75\"\n                    style=\"max-width:100%;\"\n                \/>\n            <\/a>\n        <\/div>\n\t\t\t\t\t\t\t<\/div> \n\t\t\t\n        \n\t\t\t\t<div id=\"ngg-image-4\" class=\"ngg-gallery-thumbnail-box\" >\n\t\t\t\t        <div class=\"ngg-gallery-thumbnail\">\n            <a href=\"https:\/\/kontesadora.hr\/stara\/wp-content\/gallery\/nase-zajednicke-039fotke039\/DSC_3047.jpg\"\n               title=\"\"\n               data-src=\"https:\/\/kontesadora.hr\/stara\/wp-content\/gallery\/nase-zajednicke-039fotke039\/DSC_3047.jpg\"\n               data-thumbnail=\"https:\/\/kontesadora.hr\/stara\/wp-content\/gallery\/nase-zajednicke-039fotke039\/thumbs\/thumbs_DSC_3047.jpg\"\n               data-image-id=\"3672\"\n               data-title=\"DSC_3047\"\n               data-description=\"\"\n               data-image-slug=\"dsc_3047\"\n               class=\"shutterset_2977d8d337c725bfac89a312eb1ff79b\">\n                <img\n                    title=\"DSC_3047\"\n                    alt=\"DSC_3047\"\n                    src=\"https:\/\/kontesadora.hr\/stara\/wp-content\/gallery\/nase-zajednicke-039fotke039\/thumbs\/thumbs_DSC_3047.jpg\"\n                    width=\"100\"\n                    height=\"75\"\n                    style=\"max-width:100%;\"\n                \/>\n            <\/a>\n        <\/div>\n\t\t\t\t\t\t\t<\/div> \n\t\t\t\n        \n\t\t\t\t<div id=\"ngg-image-5\" class=\"ngg-gallery-thumbnail-box\" >\n\t\t\t\t        <div class=\"ngg-gallery-thumbnail\">\n            <a href=\"https:\/\/kontesadora.hr\/stara\/wp-content\/gallery\/nase-zajednicke-039fotke039\/nase_fotke_2014.jpg\"\n               title=\"\"\n               data-src=\"https:\/\/kontesadora.hr\/stara\/wp-content\/gallery\/nase-zajednicke-039fotke039\/nase_fotke_2014.jpg\"\n               data-thumbnail=\"https:\/\/kontesadora.hr\/stara\/wp-content\/gallery\/nase-zajednicke-039fotke039\/thumbs\/thumbs_nase_fotke_2014.jpg\"\n               data-image-id=\"2356\"\n               data-title=\"nase_fotke_2014\"\n               data-description=\"\"\n               data-image-slug=\"nase_fotke_2014\"\n               class=\"shutterset_2977d8d337c725bfac89a312eb1ff79b\">\n                <img\n                    title=\"nase_fotke_2014\"\n                    alt=\"nase_fotke_2014\"\n                    src=\"https:\/\/kontesadora.hr\/stara\/wp-content\/gallery\/nase-zajednicke-039fotke039\/thumbs\/thumbs_nase_fotke_2014.jpg\"\n                    width=\"100\"\n                    height=\"75\"\n                    style=\"max-width:100%;\"\n                \/>\n            <\/a>\n        <\/div>\n\t\t\t\t\t\t\t<\/div> \n\t\t\t\n        \n\t\t\t\t<div id=\"ngg-image-6\" class=\"ngg-gallery-thumbnail-box\" >\n\t\t\t\t        <div class=\"ngg-gallery-thumbnail\">\n            <a href=\"https:\/\/kontesadora.hr\/stara\/wp-content\/gallery\/nase-zajednicke-039fotke039\/nase_fotke_2014-1.jpg\"\n               title=\"\"\n               data-src=\"https:\/\/kontesadora.hr\/stara\/wp-content\/gallery\/nase-zajednicke-039fotke039\/nase_fotke_2014-1.jpg\"\n               data-thumbnail=\"https:\/\/kontesadora.hr\/stara\/wp-content\/gallery\/nase-zajednicke-039fotke039\/thumbs\/thumbs_nase_fotke_2014-1.jpg\"\n               data-image-id=\"2357\"\n               data-title=\"nase_fotke_2014-1\"\n               data-description=\"\"\n               data-image-slug=\"nase_fotke_2014-1\"\n               class=\"shutterset_2977d8d337c725bfac89a312eb1ff79b\">\n                <img\n                    title=\"nase_fotke_2014-1\"\n                    alt=\"nase_fotke_2014-1\"\n                    src=\"https:\/\/kontesadora.hr\/stara\/wp-content\/gallery\/nase-zajednicke-039fotke039\/thumbs\/thumbs_nase_fotke_2014-1.jpg\"\n                    width=\"100\"\n                    height=\"75\"\n                    style=\"max-width:100%;\"\n                \/>\n            <\/a>\n        <\/div>\n\t\t\t\t\t\t\t<\/div> \n\t\t\t\n        \n\t\t\t\t<div id=\"ngg-image-7\" class=\"ngg-gallery-thumbnail-box\" >\n\t\t\t\t        <div class=\"ngg-gallery-thumbnail\">\n            <a href=\"https:\/\/kontesadora.hr\/stara\/wp-content\/gallery\/nase-zajednicke-039fotke039\/nase_fotke_2014-2.jpg\"\n               title=\"\"\n               data-src=\"https:\/\/kontesadora.hr\/stara\/wp-content\/gallery\/nase-zajednicke-039fotke039\/nase_fotke_2014-2.jpg\"\n               data-thumbnail=\"https:\/\/kontesadora.hr\/stara\/wp-content\/gallery\/nase-zajednicke-039fotke039\/thumbs\/thumbs_nase_fotke_2014-2.jpg\"\n               data-image-id=\"2358\"\n               data-title=\"nase_fotke_2014-2\"\n               data-description=\"\"\n               data-image-slug=\"nase_fotke_2014-2\"\n               class=\"shutterset_2977d8d337c725bfac89a312eb1ff79b\">\n                <img\n                    title=\"nase_fotke_2014-2\"\n                    alt=\"nase_fotke_2014-2\"\n                    src=\"https:\/\/kontesadora.hr\/stara\/wp-content\/gallery\/nase-zajednicke-039fotke039\/thumbs\/thumbs_nase_fotke_2014-2.jpg\"\n                    width=\"100\"\n                    height=\"75\"\n                    style=\"max-width:100%;\"\n                \/>\n            <\/a>\n        <\/div>\n\t\t\t\t\t\t\t<\/div> \n\t\t\t\n        \n\t\t\t\t<div id=\"ngg-image-8\" class=\"ngg-gallery-thumbnail-box\" >\n\t\t\t\t        <div class=\"ngg-gallery-thumbnail\">\n            <a href=\"https:\/\/kontesadora.hr\/stara\/wp-content\/gallery\/nase-zajednicke-039fotke039\/nase_fotke_2014-3.jpg\"\n               title=\"\"\n               data-src=\"https:\/\/kontesadora.hr\/stara\/wp-content\/gallery\/nase-zajednicke-039fotke039\/nase_fotke_2014-3.jpg\"\n               data-thumbnail=\"https:\/\/kontesadora.hr\/stara\/wp-content\/gallery\/nase-zajednicke-039fotke039\/thumbs\/thumbs_nase_fotke_2014-3.jpg\"\n               data-image-id=\"2359\"\n               data-title=\"nase_fotke_2014-3\"\n               data-description=\"\"\n               data-image-slug=\"nase_fotke_2014-3\"\n               class=\"shutterset_2977d8d337c725bfac89a312eb1ff79b\">\n                <img\n                    title=\"nase_fotke_2014-3\"\n                    alt=\"nase_fotke_2014-3\"\n                    src=\"https:\/\/kontesadora.hr\/stara\/wp-content\/gallery\/nase-zajednicke-039fotke039\/thumbs\/thumbs_nase_fotke_2014-3.jpg\"\n                    width=\"100\"\n                    height=\"75\"\n                    style=\"max-width:100%;\"\n                \/>\n            <\/a>\n        <\/div>\n\t\t\t\t\t\t\t<\/div> \n\t\t\t\n        \n\t\t\t\t<div id=\"ngg-image-9\" class=\"ngg-gallery-thumbnail-box\" >\n\t\t\t\t        <div class=\"ngg-gallery-thumbnail\">\n            <a href=\"https:\/\/kontesadora.hr\/stara\/wp-content\/gallery\/nase-zajednicke-039fotke039\/12_travnja_2012_svi_zajedno_02.jpg\"\n               title=\"Zajedni\u010dko fotografiranje 12. travnja u prostoru Koncertne dvorane na\u0161e \u0161kole ...\r\njedna neozbiljna\"\n               data-src=\"https:\/\/kontesadora.hr\/stara\/wp-content\/gallery\/nase-zajednicke-039fotke039\/12_travnja_2012_svi_zajedno_02.jpg\"\n               data-thumbnail=\"https:\/\/kontesadora.hr\/stara\/wp-content\/gallery\/nase-zajednicke-039fotke039\/thumbs\/thumbs_12_travnja_2012_svi_zajedno_02.jpg\"\n               data-image-id=\"1906\"\n               data-title=\"12_travnja_2012_svi_zajedno_02\"\n               data-description=\"Zajedni\u010dko fotografiranje 12. travnja u prostoru Koncertne dvorane na\u0161e \u0161kole ...\r\njedna neozbiljna\"\n               data-image-slug=\"12_travnja_2012_svi_zajedno_02\"\n               class=\"shutterset_2977d8d337c725bfac89a312eb1ff79b\">\n                <img\n                    title=\"12_travnja_2012_svi_zajedno_02\"\n                    alt=\"12_travnja_2012_svi_zajedno_02\"\n                    src=\"https:\/\/kontesadora.hr\/stara\/wp-content\/gallery\/nase-zajednicke-039fotke039\/thumbs\/thumbs_12_travnja_2012_svi_zajedno_02.jpg\"\n                    width=\"100\"\n                    height=\"75\"\n                    style=\"max-width:100%;\"\n                \/>\n            <\/a>\n        <\/div>\n\t\t\t\t\t\t\t<\/div> \n\t\t\t\n        \n\t\t\t\t<div id=\"ngg-image-10\" class=\"ngg-gallery-thumbnail-box\" >\n\t\t\t\t        <div class=\"ngg-gallery-thumbnail\">\n            <a href=\"https:\/\/kontesadora.hr\/stara\/wp-content\/gallery\/nase-zajednicke-039fotke039\/12_travnja_2012_svi_zajedno_01.jpg\"\n               title=\"Zajedni\u010dko fotografiranje 12. travnja u prostoru Koncertne dvorane na\u0161e \u0161kole ...\r\njedna ozbiljna\"\n               data-src=\"https:\/\/kontesadora.hr\/stara\/wp-content\/gallery\/nase-zajednicke-039fotke039\/12_travnja_2012_svi_zajedno_01.jpg\"\n               data-thumbnail=\"https:\/\/kontesadora.hr\/stara\/wp-content\/gallery\/nase-zajednicke-039fotke039\/thumbs\/thumbs_12_travnja_2012_svi_zajedno_01.jpg\"\n               data-image-id=\"1905\"\n               data-title=\"12_travnja_2012_svi_zajedno_01\"\n               data-description=\"Zajedni\u010dko fotografiranje 12. travnja u prostoru Koncertne dvorane na\u0161e \u0161kole ...\r\njedna ozbiljna\"\n               data-image-slug=\"12_travnja_2012_svi_zajedno_01\"\n               class=\"shutterset_2977d8d337c725bfac89a312eb1ff79b\">\n                <img\n                    title=\"12_travnja_2012_svi_zajedno_01\"\n                    alt=\"12_travnja_2012_svi_zajedno_01\"\n                    src=\"https:\/\/kontesadora.hr\/stara\/wp-content\/gallery\/nase-zajednicke-039fotke039\/thumbs\/thumbs_12_travnja_2012_svi_zajedno_01.jpg\"\n                    width=\"100\"\n                    height=\"75\"\n                    style=\"max-width:100%;\"\n                \/>\n            <\/a>\n        <\/div>\n\t\t\t\t\t\t\t<\/div> \n\t\t\t\n        \n\t\t\n\t\t<!-- Pagination -->\n\t<div class='ngg-clear'><\/div>\t<\/div>\n\n","protected":false},"excerpt":{"rendered":"","protected":false},"author":254,"featured_media":0,"parent":22,"menu_order":0,"comment_status":"closed","ping_status":"open","template":"","meta":{"ngg_post_thumbnail":0},"_links":{"self":[{"href":"https:\/\/kontesadora.hr\/stara\/wp-json\/wp\/v2\/pages\/1392"}],"collection":[{"href":"https:\/\/kontesadora.hr\/stara\/wp-json\/wp\/v2\/pages"}],"about":[{"href":"https:\/\/kontesadora.hr\/stara\/wp-json\/wp\/v2\/types\/page"}],"author":[{"embeddable":true,"href":"https:\/\/kontesadora.hr\/stara\/wp-json\/wp\/v2\/users\/254"}],"replies":[{"embeddable":true,"href":"https:\/\/kontesadora.hr\/stara\/wp-json\/wp\/v2\/comments?post=1392"}],"version-history":[{"count":1,"href":"https:\/\/kontesadora.hr\/stara\/wp-json\/wp\/v2\/pages\/1392\/revisions"}],"predecessor-version":[{"id":5955,"href":"https:\/\/kontesadora.hr\/stara\/wp-json\/wp\/v2\/pages\/1392\/revisions\/5955"}],"up":[{"embeddable":true,"href":"https:\/\/kontesadora.hr\/stara\/wp-json\/wp\/v2\/pages\/22"}],"wp:attachment":[{"href":"https:\/\/kontesadora.hr\/stara\/wp-json\/wp\/v2\/media?parent=1392"}],"curies":[{"name":"wp","href":"https:\/\/api.w.org\/{rel}","templated":true}]}}