{"id":12427,"date":"2021-03-15T10:53:56","date_gmt":"2021-03-15T09:53:56","guid":{"rendered":"https:\/\/kontesadora.hr\/?page_id=12427"},"modified":"2022-01-18T15:42:32","modified_gmt":"2022-01-18T14:42:32","slug":"pristup-informacijama","status":"publish","type":"page","link":"https:\/\/kontesadora.hr\/stara\/pristup-informacijama","title":{"rendered":"Pristup informacijama"},"content":{"rendered":"<p><strong>Prilo\u017eeni dokumenti i obrasci<\/strong><\/p>\n<ul>\n<li><a href=\"https:\/\/kontesadora.hr\/wp-content\/uploads\/2016\/01\/Obrazac-Zahtjev-za-pristup-informacijama.doc\" target=\"_self\" rel=\"noopener noreferrer\"><span class=\"title\">Obrazac Zahtjev za pristup informacijama<\/span><\/a><\/li>\n<li><a href=\"https:\/\/kontesadora.hr\/wp-content\/uploads\/2022\/01\/Izvjesce-o-provedbi-Zakona-o-pravu-na-pristup-informacijama-za-2021.-godinu.pdf\">Izvje\u0161\u0107e o provedbi Zakona o pravu na pristup informacijama za 2021. godinu<\/a><\/li>\n<li><a href=\"https:\/\/kontesadora.hr\/wp-content\/uploads\/2022\/01\/POLITIKA-PRIVATNOSTI-.docx\">POLITIKA PRIVATNOSTI<\/a><\/li>\n<li><a href=\"https:\/\/kontesadora.hr\/wp-content\/uploads\/2016\/01\/Odluka-o-imenovanju-slu%C5%BEbenika-za-informiranje.docx\">Odluka o imenovanju slu\u017ebenika za informiranje<\/a><\/li>\n<li><a href=\"https:\/\/kontesadora.hr\/wp-content\/uploads\/2016\/01\/Obrazac-Zahtjev-za-ponovnu-uporabu-informacija.doc\">Obrazac Zahtjev za ponovnu uporabu informacija<\/a><\/li>\n<li><a href=\"https:\/\/kontesadora.hr\/wp-content\/uploads\/2016\/02\/Odluka_o_imenovanju_sluzbenika_za_zastitu_osobnih_podataka.pdf\" target=\"_self\" rel=\"noopener noreferrer\"><span class=\"title\">Odluka o imenovanju slu\u017ebenika za za\u0161titu osobnih podataka<\/span><\/a><\/li>\n<li><a href=\"https:\/\/kontesadora.hr\/wp-content\/uploads\/2018\/03\/PROCEDURA-ZAPRIMANJA-I-PROVJERE-RA\u010cUNA.pdf\" target=\"_self\" rel=\"noopener noreferrer\"><span class=\"title\">PROCEDURA ZAPRIMANJA I PROVJERE RA\u010cUNA<\/span><\/a><\/li>\n<li><a href=\"https:\/\/kontesadora.hr\/wp-content\/uploads\/2016\/02\/Procedura_pracenja_i_naplate_prihoda_i_primitaka-OG%C5%A0-Kontesa-Dora.docx\">Procedura pra\u0107enja i naplate prihoda<\/a><\/li>\n<li><a href=\"https:\/\/kontesadora.hr\/wp-content\/uploads\/2018\/12\/Plan-savjetovanja-s-javno%C5%A1%C4%87u.docx\">Plan savjetovanja s javno\u0161\u0107u<\/a><\/li>\n<li><a href=\"https:\/\/kontesadora.hr\/wp-content\/uploads\/2019\/01\/Pravilnik-o-za\u0161titi-nadzoru-nad-prikupljanjem-obradi-i-kori\u0161tenju-osobnih-podataka.docx\" target=\"_self\" rel=\"noopener noreferrer\"><span class=\"title\">Pravilnik o za\u0161titi , nadzoru nad prikupljanjem, obradi i kori\u0161tenju osobnih podataka<\/span><\/a><\/li>\n<li><a href=\"https:\/\/kontesadora.hr\/wp-content\/uploads\/2019\/02\/Popis-subjekata-s-kojima-OG\u0160-Kontesa-Dora-ne-smije-sklapati-ugovore-o-javnoj-nabavi.doc\" target=\"_self\" rel=\"noopener noreferrer\"><span class=\"title\">Popis subjekata s kojima OG\u0160 Kontesa Dora ne smije sklapati ugovore o javnoj nabavi<\/span><\/a><\/li>\n<li><a href=\"https:\/\/kontesadora.hr\/wp-content\/uploads\/2019\/03\/Pravilnik-o-na\u010dinu-i-postupku-zapo\u0161ljavanja-u-OG\u0160-Kontesa-Dora.docx\" target=\"_self\" rel=\"noopener noreferrer\"><span class=\"title\">Pravilnik o na\u010dinu i postupku zapo\u0161ljavanja u OG\u0160 Kontesa Dora<\/span><\/a><\/li>\n<li><a href=\"https:\/\/kontesadora.hr\/wp-content\/uploads\/2015\/02\/Pravilnik-o-radu.doc\">Pravilnik o radu<\/a><\/li>\n<li><a href=\"https:\/\/kontesadora.hr\/wp-content\/uploads\/2015\/04\/Ku%C4%87ni-red-2015.doc\">Ku\u0107ni red<\/a><\/li>\n<li><a href=\"https:\/\/kontesadora.hr\/wp-content\/uploads\/2019\/09\/Statut-2019..doc\">Statut 2019<\/a><\/li>\n<li><a href=\"https:\/\/kontesadora.hr\/wp-content\/uploads\/2020\/01\/Nastanak-i-razvoj-OG\u0160-Kontesa-Dora-Na\u0161ice-Zavrs\u030cni-rad-Dora-Markus\u030c-2019..pdf\" target=\"_self\" rel=\"noopener noreferrer\"><span class=\"title\">Nastanak i razvoj OG\u0160 Kontesa Dora, Na\u0161ice -Zavrs\u030cni rad- Dora Markus\u030c, 2019.<\/span><\/a><\/li>\n<li><a href=\"https:\/\/kontesadora.hr\/wp-content\/uploads\/2020\/06\/IMG.pdf\" target=\"_self\" rel=\"noopener noreferrer\"><span class=\"title\">Procedura naplate potra\u017eivanja<\/span><\/a><\/li>\n<li><a href=\"https:\/\/kontesadora.hr\/wp-content\/uploads\/2020\/10\/KURIKULUM-OG%C5%A0-KONTESA-DORA-2020-2021.pdf\">KURIKULUM &#8211; OG\u0160 KONTESA DORA 2021 2022<\/a><\/li>\n<li><a href=\"https:\/\/kontesadora.hr\/wp-content\/uploads\/2021\/10\/Tekst-godisnjaka-2021-2022.pdf\">Godi\u0161nji plan 2021 2022<\/a><\/li>\n<li><a href=\"https:\/\/kontesadora.hr\/wp-content\/uploads\/2020\/01\/Godisnje-izvje%C5%A1%C4%87e-o-pravu-na-pristup-informacijama-za-2019..pdf\">Godi\u0161nje izvje\u0161\u0107e o pravu na pristup informacijama za 2019.<\/a><\/li>\n<li><a href=\"https:\/\/kontesadora.hr\/wp-content\/uploads\/2020\/10\/Izvjestaj-o-provedenom-planu-i-programu-2019.-2020.pdf\">Izvje\u0161taj o provedenom planu i programu 2019., 2020.<\/a><\/li>\n<li><a href=\"https:\/\/kontesadora.hr\/wp-content\/uploads\/2016\/01\/Izjava-o-spre%C4%8Davanju-sukoba-interesa.pdf\">Izjava o spre\u010davanju sukoba interesa<\/a><\/li>\n<li><a href=\"https:\/\/kontesadora.hr\/wp-content\/uploads\/2020\/10\/KURIKULUM-OG%C5%A0-KONTESA-DORA-2020-2021.pdf\">Kurikulum 2020. &#8211; 2021.<\/a><\/li>\n<li><a href=\"https:\/\/kontesadora.hr\/wp-content\/uploads\/2021\/01\/Izvjesce-o-provedbi-Zakona-o-pravu-na-pristup-informacijama-za-2020.-godinu.pdf\">Godi\u0161nje izvje\u0161\u0107e o pravu na pristup informacijama za 2020. god.<\/a><\/li>\n<\/ul>\n<p><strong>Arhiva dokumenata i obrazaca<\/strong><\/p>\n<ul>\n<li><a href=\"https:\/\/kontesadora.hr\/wp-content\/uploads\/2016\/02\/Izvje%C5%A1%C4%87e-o-provedbi-Zakona-o-pravu-na-pristup-informacijama-za-2016.-godinu.pdf\">Izvje\u0161\u0107e o provedbi Zakona o pravu na pristup informacijama za 2016. godinu<\/a><\/li>\n<li><a href=\"https:\/\/kontesadora.hr\/wp-content\/uploads\/2016\/02\/Izvjesce-o-provedbi-Zakona-o-pravu-na-pristup-informacijama-za-2017..pdf\">Izvje\u0161\u0107e o provedbi Zakona o pravu na pristup informacijama za 2017. godinu<\/a><\/li>\n<li><a href=\"https:\/\/kontesadora.hr\/wp-content\/uploads\/2020\/01\/Godisnje-izvjesce-o-pravu-na-pristup-informacijama-za-2018.god_.pdf\">Godi\u0161nje izvje\u0161\u0107e o pravu na pristup informacijama za 2018. god.<\/a><\/li>\n<li><a href=\"https:\/\/kontesadora.hr\/wp-content\/uploads\/2020\/01\/Godisnje-izvje%C5%A1%C4%87e-o-pravu-na-pristup-informacijama-za-2019..pdf\">Godi\u0161nje izvje\u0161\u0107e o pravu na pristup informacijama za 2019. god.<\/a><\/li>\n<li><a href=\"https:\/\/kontesadora.hr\/wp-content\/uploads\/2016\/02\/Godisnje_izvjesce.csv\">Godi\u0161nje izvje\u0161\u0107e<\/a><\/li>\n<li><a href=\"https:\/\/kontesadora.hr\/wp-content\/uploads\/2020\/10\/GODI\u0160NJI-PP-KONTESA-DORA-2020-2021.pdf\" target=\"_self\" rel=\"noopener noreferrer\"><span class=\"title\">GODI\u0160NJI PP KONTESA DORA -2020-2021<\/span><\/a><\/li>\n<li><a href=\"https:\/\/kontesadora.hr\/wp-content\/uploads\/2019\/10\/Godi%C5%A1nji-plan-i-program-2019-2020..pdf\">Godi\u0161nji plan 2019. &#8211; 2020.<\/a><\/li>\n<li><a href=\"https:\/\/kontesadora.hr\/wp-content\/uploads\/2018\/10\/GODI%C5%A0NJI-PLAN-2018-2019.pdf\">Godi\u0161nji plan 2018. &#8211; 2019.<\/a><\/li>\n<li><a href=\"https:\/\/kontesadora.hr\/wp-content\/uploads\/2016\/02\/GODI%C5%A0NJI-PLAN-I-PROGRAM-2017-2018.pdf\">Godi\u0161nji plan 2017. &#8211; 2018.<\/a><\/li>\n<li><a href=\"https:\/\/kontesadora.hr\/wp-content\/uploads\/2016\/02\/GODI%C5%A0NJI-PLAN-I-PROGRAM-2016.-2017.pdf\">Godi\u0161nji plan 2016. &#8211; 2017.<\/a><\/li>\n<li><a href=\"https:\/\/kontesadora.hr\/wp-content\/uploads\/2015\/10\/Godi%C5%A1nji-plan-i-program-2015.-2016..pdf\">Godi\u0161nji plan 2015. &#8211; 2016.<\/a><\/li>\n<li><a href=\"https:\/\/kontesadora.hr\/wp-content\/uploads\/2020\/10\/Izvjestaj-o-provedenom-planu-i-programu-2019.-2020.pdf\">Izvje\u0161taj 2019. &#8211; 2020.<\/a><\/li>\n<li><a href=\"https:\/\/kontesadora.hr\/wp-content\/uploads\/2020\/04\/Izvje%C5%A1taj-2018.-2019..pdf\">Izvje\u0161taj 2018. &#8211; 2019.<\/a><\/li>\n<li>Izvje\u0161taj 2017. &#8211; 2018.<\/li>\n<li><a href=\"https:\/\/kontesadora.hr\/wp-content\/uploads\/2016\/02\/IZVJE%C5%A0TAJ-GOD.PLAN-2016-2017.pdf\">Izvje\u0161taj 2016. &#8211; 2017.<\/a><\/li>\n<li>Izvje\u0161taj 2015. &#8211; 2016.<\/li>\n<li><a href=\"https:\/\/kontesadora.hr\/wp-content\/uploads\/2016\/01\/IZVJESTAJ-O-PROVEDENOM-PLANU-I-PROGR-AMU-ZA-%C5%A0KOLSKU-GODINU-2014.-2015.pdf\">Izvje\u0161taj 2014. &#8211; 2015.<\/a><\/li>\n<li><a href=\"https:\/\/kontesadora.hr\/wp-content\/uploads\/2020\/10\/KURIKULUM-OG%C5%A0-KONTESA-DORA-2020-2021.pdf\">KURIKULUM &#8211; OG\u0160 KONTESA DORA 2020 2021<\/a><\/li>\n<li><a href=\"https:\/\/kontesadora.hr\/wp-content\/uploads\/2019\/10\/Kurikulum-2019-2020.pdf\">Kurikulum 2019. &#8211; 2020.<\/a><\/li>\n<li><a href=\"https:\/\/kontesadora.hr\/wp-content\/uploads\/2018\/10\/KURIKULUM-2018.pdf\">Kurikulum 2018. &#8211; 2019.<\/a><\/li>\n<li><a href=\"https:\/\/kontesadora.hr\/wp-content\/uploads\/2016\/02\/KURIKULUM-2017-22018.pdf\">Kurikulum 2017. &#8211; 2018.<\/a><\/li>\n<li><a href=\"https:\/\/kontesadora.hr\/wp-content\/uploads\/2016\/02\/Kurikulum-2016.-2017.pdf\">Kurikulum 2016. &#8211; 2017.<\/a><\/li>\n<li><a href=\"https:\/\/kontesadora.hr\/wp-content\/uploads\/2016\/02\/PRO\u010cI\u0160\u0106ENI-TEKST-STATUTA-s-izmjenama-2017..doc\" target=\"_self\" rel=\"noopener noreferrer\"><span class=\"title\">Statut \u2013 pro\u010di\u0161\u0107eni tekst<\/span><\/a><\/li>\n<\/ul>\n","protected":false},"excerpt":{"rendered":"<p>Prilo\u017eeni dokumenti i obrasci Obrazac Zahtjev za pristup informacijama Izvje\u0161\u0107e o provedbi Zakona o pravu na pristup informacijama za 2021. godinu POLITIKA PRIVATNOSTI Odluka o imenovanju slu\u017ebenika za informiranje Obrazac Zahtjev za ponovnu uporabu informacija Odluka o imenovanju slu\u017ebenika za za\u0161titu osobnih podataka PROCEDURA ZAPRIMANJA I PROVJERE RA\u010cUNA Procedura pra\u0107enja i naplate prihoda Plan savjetovanja s javno\u0161\u0107u Pravilnik o za\u0161titi [&hellip;]<\/p>\n","protected":false},"author":255,"featured_media":0,"parent":0,"menu_order":0,"comment_status":"closed","ping_status":"closed","template":"","meta":{"ngg_post_thumbnail":0},"_links":{"self":[{"href":"https:\/\/kontesadora.hr\/stara\/wp-json\/wp\/v2\/pages\/12427"}],"collection":[{"href":"https:\/\/kontesadora.hr\/stara\/wp-json\/wp\/v2\/pages"}],"about":[{"href":"https:\/\/kontesadora.hr\/stara\/wp-json\/wp\/v2\/types\/page"}],"author":[{"embeddable":true,"href":"https:\/\/kontesadora.hr\/stara\/wp-json\/wp\/v2\/users\/255"}],"replies":[{"embeddable":true,"href":"https:\/\/kontesadora.hr\/stara\/wp-json\/wp\/v2\/comments?post=12427"}],"version-history":[{"count":9,"href":"https:\/\/kontesadora.hr\/stara\/wp-json\/wp\/v2\/pages\/12427\/revisions"}],"predecessor-version":[{"id":13285,"href":"https:\/\/kontesadora.hr\/stara\/wp-json\/wp\/v2\/pages\/12427\/revisions\/13285"}],"wp:attachment":[{"href":"https:\/\/kontesadora.hr\/stara\/wp-json\/wp\/v2\/media?parent=12427"}],"curies":[{"name":"wp","href":"https:\/\/api.w.org\/{rel}","templated":true}]}}

<p><strong>Priloženi dokumenti i obrasci</strong></p>
<ul>
<li><a href="https://kontesadora.hr/wp-content/uploads/2016/01/Obrazac-Zahtjev-za-pristup-informacijama.doc" target="_self" rel="noopener noreferrer"><span class="title">Obrazac Zahtjev za pristup informacijama</span></a></li>
<li><a href="https://kontesadora.hr/wp-content/uploads/2022/01/Izvjesce-o-provedbi-Zakona-o-pravu-na-pristup-informacijama-za-2021.-godinu.pdf">Izvješće o provedbi Zakona o pravu na pristup informacijama za 2021. godinu</a></li>
<li><a href="https://kontesadora.hr/wp-content/uploads/2022/01/POLITIKA-PRIVATNOSTI-.docx">POLITIKA PRIVATNOSTI</a></li>
<li><a href="https://kontesadora.hr/wp-content/uploads/2016/01/Odluka-o-imenovanju-slu%C5%BEbenika-za-informiranje.docx">Odluka o imenovanju službenika za informiranje</a></li>
<li><a href="https://kontesadora.hr/wp-content/uploads/2016/01/Obrazac-Zahtjev-za-ponovnu-uporabu-informacija.doc">Obrazac Zahtjev za ponovnu uporabu informacija</a></li>
<li><a href="https://kontesadora.hr/wp-content/uploads/2016/02/Odluka_o_imenovanju_sluzbenika_za_zastitu_osobnih_podataka.pdf" target="_self" rel="noopener noreferrer"><span class="title">Odluka o imenovanju službenika za zaštitu osobnih podataka</span></a></li>
<li><a href="https://kontesadora.hr/wp-content/uploads/2018/03/PROCEDURA-ZAPRIMANJA-I-PROVJERE-RAČUNA.pdf" target="_self" rel="noopener noreferrer"><span class="title">PROCEDURA ZAPRIMANJA I PROVJERE RAČUNA</span></a></li>
<li><a href="https://kontesadora.hr/wp-content/uploads/2016/02/Procedura_pracenja_i_naplate_prihoda_i_primitaka-OG%C5%A0-Kontesa-Dora.docx">Procedura praćenja i naplate prihoda</a></li>
<li><a href="https://kontesadora.hr/wp-content/uploads/2018/12/Plan-savjetovanja-s-javno%C5%A1%C4%87u.docx">Plan savjetovanja s javnošću</a></li>
<li><a href="https://kontesadora.hr/wp-content/uploads/2019/01/Pravilnik-o-zaštiti-nadzoru-nad-prikupljanjem-obradi-i-korištenju-osobnih-podataka.docx" target="_self" rel="noopener noreferrer"><span class="title">Pravilnik o zaštiti , nadzoru nad prikupljanjem, obradi i korištenju osobnih podataka</span></a></li>
<li><a href="https://kontesadora.hr/wp-content/uploads/2019/02/Popis-subjekata-s-kojima-OGŠ-Kontesa-Dora-ne-smije-sklapati-ugovore-o-javnoj-nabavi.doc" target="_self" rel="noopener noreferrer"><span class="title">Popis subjekata s kojima OGŠ Kontesa Dora ne smije sklapati ugovore o javnoj nabavi</span></a></li>
<li><a href="https://kontesadora.hr/wp-content/uploads/2019/03/Pravilnik-o-načinu-i-postupku-zapošljavanja-u-OGŠ-Kontesa-Dora.docx" target="_self" rel="noopener noreferrer"><span class="title">Pravilnik o načinu i postupku zapošljavanja u OGŠ Kontesa Dora</span></a></li>
<li><a href="https://kontesadora.hr/wp-content/uploads/2015/02/Pravilnik-o-radu.doc">Pravilnik o radu</a></li>
<li><a href="https://kontesadora.hr/wp-content/uploads/2015/04/Ku%C4%87ni-red-2015.doc">Kućni red</a></li>
<li><a href="https://kontesadora.hr/wp-content/uploads/2019/09/Statut-2019..doc">Statut 2019</a></li>
<li><a href="https://kontesadora.hr/wp-content/uploads/2020/01/Nastanak-i-razvoj-OGŠ-Kontesa-Dora-Našice-Završni-rad-Dora-Markuš-2019..pdf" target="_self" rel="noopener noreferrer"><span class="title">Nastanak i razvoj OGŠ Kontesa Dora, Našice -Završni rad- Dora Markuš, 2019.</span></a></li>
<li><a href="https://kontesadora.hr/wp-content/uploads/2020/06/IMG.pdf" target="_self" rel="noopener noreferrer"><span class="title">Procedura naplate potraživanja</span></a></li>
<li><a href="https://kontesadora.hr/wp-content/uploads/2020/10/KURIKULUM-OG%C5%A0-KONTESA-DORA-2020-2021.pdf">KURIKULUM &#8211; OGŠ KONTESA DORA 2021 2022</a></li>
<li><a href="https://kontesadora.hr/wp-content/uploads/2021/10/Tekst-godisnjaka-2021-2022.pdf">Godišnji plan 2021 2022</a></li>
<li><a href="https://kontesadora.hr/wp-content/uploads/2020/01/Godisnje-izvje%C5%A1%C4%87e-o-pravu-na-pristup-informacijama-za-2019..pdf">Godišnje izvješće o pravu na pristup informacijama za 2019.</a></li>
<li><a href="https://kontesadora.hr/wp-content/uploads/2020/10/Izvjestaj-o-provedenom-planu-i-programu-2019.-2020.pdf">Izvještaj o provedenom planu i programu 2019., 2020.</a></li>
<li><a href="https://kontesadora.hr/wp-content/uploads/2016/01/Izjava-o-spre%C4%8Davanju-sukoba-interesa.pdf">Izjava o sprečavanju sukoba interesa</a></li>
<li><a href="https://kontesadora.hr/wp-content/uploads/2020/10/KURIKULUM-OG%C5%A0-KONTESA-DORA-2020-2021.pdf">Kurikulum 2020. &#8211; 2021.</a></li>
<li><a href="https://kontesadora.hr/wp-content/uploads/2021/01/Izvjesce-o-provedbi-Zakona-o-pravu-na-pristup-informacijama-za-2020.-godinu.pdf">Godišnje izvješće o pravu na pristup informacijama za 2020. god.</a></li>
</ul>
<p><strong>Arhiva dokumenata i obrazaca</strong></p>
<ul>
<li><a href="https://kontesadora.hr/wp-content/uploads/2016/02/Izvje%C5%A1%C4%87e-o-provedbi-Zakona-o-pravu-na-pristup-informacijama-za-2016.-godinu.pdf">Izvješće o provedbi Zakona o pravu na pristup informacijama za 2016. godinu</a></li>
<li><a href="https://kontesadora.hr/wp-content/uploads/2016/02/Izvjesce-o-provedbi-Zakona-o-pravu-na-pristup-informacijama-za-2017..pdf">Izvješće o provedbi Zakona o pravu na pristup informacijama za 2017. godinu</a></li>
<li><a href="https://kontesadora.hr/wp-content/uploads/2020/01/Godisnje-izvjesce-o-pravu-na-pristup-informacijama-za-2018.god_.pdf">Godišnje izvješće o pravu na pristup informacijama za 2018. god.</a></li>
<li><a href="https://kontesadora.hr/wp-content/uploads/2020/01/Godisnje-izvje%C5%A1%C4%87e-o-pravu-na-pristup-informacijama-za-2019..pdf">Godišnje izvješće o pravu na pristup informacijama za 2019. god.</a></li>
<li><a href="https://kontesadora.hr/wp-content/uploads/2016/02/Godisnje_izvjesce.csv">Godišnje izvješće</a></li>
<li><a href="https://kontesadora.hr/wp-content/uploads/2020/10/GODIŠNJI-PP-KONTESA-DORA-2020-2021.pdf" target="_self" rel="noopener noreferrer"><span class="title">GODIŠNJI PP KONTESA DORA -2020-2021</span></a></li>
<li><a href="https://kontesadora.hr/wp-content/uploads/2019/10/Godi%C5%A1nji-plan-i-program-2019-2020..pdf">Godišnji plan 2019. &#8211; 2020.</a></li>
<li><a href="https://kontesadora.hr/wp-content/uploads/2018/10/GODI%C5%A0NJI-PLAN-2018-2019.pdf">Godišnji plan 2018. &#8211; 2019.</a></li>
<li><a href="https://kontesadora.hr/wp-content/uploads/2016/02/GODI%C5%A0NJI-PLAN-I-PROGRAM-2017-2018.pdf">Godišnji plan 2017. &#8211; 2018.</a></li>
<li><a href="https://kontesadora.hr/wp-content/uploads/2016/02/GODI%C5%A0NJI-PLAN-I-PROGRAM-2016.-2017.pdf">Godišnji plan 2016. &#8211; 2017.</a></li>
<li><a href="https://kontesadora.hr/wp-content/uploads/2015/10/Godi%C5%A1nji-plan-i-program-2015.-2016..pdf">Godišnji plan 2015. &#8211; 2016.</a></li>
<li><a href="https://kontesadora.hr/wp-content/uploads/2020/10/Izvjestaj-o-provedenom-planu-i-programu-2019.-2020.pdf">Izvještaj 2019. &#8211; 2020.</a></li>
<li><a href="https://kontesadora.hr/wp-content/uploads/2020/04/Izvje%C5%A1taj-2018.-2019..pdf">Izvještaj 2018. &#8211; 2019.</a></li>
<li>Izvještaj 2017. &#8211; 2018.</li>
<li><a href="https://kontesadora.hr/wp-content/uploads/2016/02/IZVJE%C5%A0TAJ-GOD.PLAN-2016-2017.pdf">Izvještaj 2016. &#8211; 2017.</a></li>
<li>Izvještaj 2015. &#8211; 2016.</li>
<li><a href="https://kontesadora.hr/wp-content/uploads/2016/01/IZVJESTAJ-O-PROVEDENOM-PLANU-I-PROGR-AMU-ZA-%C5%A0KOLSKU-GODINU-2014.-2015.pdf">Izvještaj 2014. &#8211; 2015.</a></li>
<li><a href="https://kontesadora.hr/wp-content/uploads/2020/10/KURIKULUM-OG%C5%A0-KONTESA-DORA-2020-2021.pdf">KURIKULUM &#8211; OGŠ KONTESA DORA 2020 2021</a></li>
<li><a href="https://kontesadora.hr/wp-content/uploads/2019/10/Kurikulum-2019-2020.pdf">Kurikulum 2019. &#8211; 2020.</a></li>
<li><a href="https://kontesadora.hr/wp-content/uploads/2018/10/KURIKULUM-2018.pdf">Kurikulum 2018. &#8211; 2019.</a></li>
<li><a href="https://kontesadora.hr/wp-content/uploads/2016/02/KURIKULUM-2017-22018.pdf">Kurikulum 2017. &#8211; 2018.</a></li>
<li><a href="https://kontesadora.hr/wp-content/uploads/2016/02/Kurikulum-2016.-2017.pdf">Kurikulum 2016. &#8211; 2017.</a></li>
<li><a href="https://kontesadora.hr/wp-content/uploads/2016/02/PROČIŠĆENI-TEKST-STATUTA-s-izmjenama-2017..doc" target="_self" rel="noopener noreferrer"><span class="title">Statut – pročišćeni tekst</span></a></li>
</ul>

<p>Priloženi dokumenti i obrasci Obrazac Zahtjev za pristup informacijama Izvješće o provedbi Zakona o pravu na pristup informacijama za 2021. godinu POLITIKA PRIVATNOSTI Odluka o imenovanju službenika za informiranje Obrazac Zahtjev za ponovnu uporabu informacija Odluka o imenovanju službenika za zaštitu osobnih podataka PROCEDURA ZAPRIMANJA I PROVJERE RAČUNA Procedura praćenja i naplate prihoda Plan savjetovanja s javnošću Pravilnik o zaštiti [&hellip;]</p>
